{"id":957,"date":"2016-07-15T14:20:10","date_gmt":"2016-07-15T14:20:10","guid":{"rendered":"http:\/\/test.kriesi.at\/enfold-medical\/?page_id=957"},"modified":"2025-11-14T07:31:37","modified_gmt":"2025-11-14T07:31:37","slug":"leistungen","status":"publish","type":"page","link":"https:\/\/rundumpflegemitherz.de\/index.php\/leistungen\/","title":{"rendered":"Leistungen"},"content":{"rendered":"<div id='av_section_1'  class='avia-section av-4fpjrh-9527d4a981a4fb59bddcbbb08ba5ed06 main_color avia-section-default avia-no-shadow  avia-builder-el-0  el_before_av_layout_row  avia-builder-el-first  avia-bg-style-scroll container_wrap sidebar_right'  ><div class='container av-section-cont-open' ><main  role=\"main\" itemprop=\"mainContentOfPage\"  class='template-page content  av-content-small alpha units'><div class='post-entry post-entry-type-page post-entry-957'><div class='entry-content-wrapper clearfix'>\n<\/div><\/div><\/main><!-- close content main element --><\/div><\/div><div id='av-layout-grid-1'  class='av-layout-grid-container av-46kxil-a4eeb4b8f84bde2ce08bffa20d6f2d85 entry-content-wrapper main_color av-flex-cells  avia-builder-el-1  el_after_av_section  el_before_av_section  grid-row-not-first  container_wrap sidebar_right'  >\n\n<style type=\"text\/css\" data-created_by=\"avia_inline_auto\" id=\"style-css-av-evrrx-3002a0d9fb8fdf706bc8e11d65d67ad2\">\n.flex_cell.av-evrrx-3002a0d9fb8fdf706bc8e11d65d67ad2{\nvertical-align:middle;\nheight:320px;\nmin-height:320px;\nbackground-color:#d9b3e6;\n}\n.responsive #top #wrap_all .flex_cell.av-evrrx-3002a0d9fb8fdf706bc8e11d65d67ad2{\npadding:20px 20px 20px 20px !important;\n}\n<\/style>\n<div class='flex_cell av-evrrx-3002a0d9fb8fdf706bc8e11d65d67ad2 av-gridrow-cell av_two_fifth no_margin  avia-builder-el-2  el_before_av_cell_one_fifth  avia-builder-el-first  avia-full-stretch' ><div class='flex_cell_inner'><p>\n<style type=\"text\/css\" data-created_by=\"avia_inline_auto\" id=\"style-css-av-3tq7c5-e81e8dcf459e2fc4918409a42ccd3fdf\">\n#top .av-special-heading.av-3tq7c5-e81e8dcf459e2fc4918409a42ccd3fdf{\npadding-bottom:20px;\ncolor:#ffffff;\nfont-size:34px;\n}\nbody .av-special-heading.av-3tq7c5-e81e8dcf459e2fc4918409a42ccd3fdf .av-special-heading-tag .heading-char{\nfont-size:25px;\n}\n#top #wrap_all .av-special-heading.av-3tq7c5-e81e8dcf459e2fc4918409a42ccd3fdf .av-special-heading-tag{\nfont-size:34px;\n}\n.av-special-heading.av-3tq7c5-e81e8dcf459e2fc4918409a42ccd3fdf .special-heading-inner-border{\nborder-color:#ffffff;\n}\n.av-special-heading.av-3tq7c5-e81e8dcf459e2fc4918409a42ccd3fdf .av-subheading{\nfont-size:15px;\n}\n\n@media only screen and (min-width: 480px) and (max-width: 767px){ \n#top #wrap_all .av-special-heading.av-3tq7c5-e81e8dcf459e2fc4918409a42ccd3fdf .av-special-heading-tag{\nfont-size:0.8em;\n}\n}\n\n@media only screen and (max-width: 479px){ \n#top #wrap_all .av-special-heading.av-3tq7c5-e81e8dcf459e2fc4918409a42ccd3fdf .av-special-heading-tag{\nfont-size:0.8em;\n}\n}\n<\/style>\n<div  class='av-special-heading av-3tq7c5-e81e8dcf459e2fc4918409a42ccd3fdf av-special-heading-h3 custom-color-heading blockquote modern-quote modern-centered  avia-builder-el-3  el_before_av_textblock  avia-builder-el-first  av-inherit-size'><div class='av_custom_color av-subheading av-subheading_above'><p>Die Basis<\/p>\n<\/div><h3 class='av-special-heading-tag'  itemprop=\"headline\"  >Grundpflege<\/h3><div class=\"special-heading-border\"><div class=\"special-heading-inner-border\"><\/div><\/div><\/div><br \/>\n\n<style type=\"text\/css\" data-created_by=\"avia_inline_auto\" id=\"style-css-av-3qbzn9-bf918886e53a731280c4fa0cffc52d28\">\n#top .av_textblock_section.av-3qbzn9-bf918886e53a731280c4fa0cffc52d28 .avia_textblock{\ncolor:#ffffff;\n}\n<\/style>\n<section  class='av_textblock_section av-3qbzn9-bf918886e53a731280c4fa0cffc52d28'  itemscope=\"itemscope\" itemtype=\"https:\/\/schema.org\/CreativeWork\" ><div class='avia_textblock av_inherit_color'  itemprop=\"text\" ><p style=\"text-align: center;\">Die Basis f\u00fcr das Wohlergehen im Alter. Getragen von Ihrer Pflegekasse.<\/p>\n<\/div><\/section><br \/>\n\n<style type=\"text\/css\" data-created_by=\"avia_inline_auto\" id=\"style-css-av-3m43a5-8ac40886c264c1d1fc9c758778b9b583\">\n.av_font_icon.av-3m43a5-8ac40886c264c1d1fc9c758778b9b583{\ncolor:#ffffff;\nborder-color:#ffffff;\n}\n.av_font_icon.av-3m43a5-8ac40886c264c1d1fc9c758778b9b583 .av-icon-char{\nfont-size:60px;\nline-height:60px;\n}\n<\/style>\n<span  class='av_font_icon av-3m43a5-8ac40886c264c1d1fc9c758778b9b583 avia_animate_when_visible av-icon-style- avia-icon-pos-center avia-icon-animate'><span class='av-icon-char' aria-hidden='true' data-av_icon='' data-av_iconfont='medical' ><\/span><\/span><br \/>\n<div  class='avia-button-wrap av-3cagkl-1e63134a3a28e77027a169e3da2c6c89-wrap avia-button-center  avia-builder-el-6  el_after_av_font_icon  avia-builder-el-last '><a href='https:\/\/rundumpflegemitherz.de\/index.php\/leistungen\/grundpflege\/'  class='avia-button av-3cagkl-1e63134a3a28e77027a169e3da2c6c89 avia-icon_select-no avia-size-medium avia-position-center avia-color-light'  ><span class='avia_iconbox_title' >Lesen Sie mehr<\/span><\/a><\/div><\/p>\n<\/div><\/div>\n<style type=\"text\/css\" data-created_by=\"avia_inline_auto\" id=\"style-css-av-37xvzx-6abd1ac5d81c5300eddb28e1287707e5\">\n.flex_cell.av-37xvzx-6abd1ac5d81c5300eddb28e1287707e5{\nvertical-align:middle;\nheight:320px;\nmin-height:320px;\nbackground:url(https:\/\/rundumpflegemitherz.de\/wp-content\/uploads\/2016\/07\/O6XNA50-2.jpg) 50% 0% no-repeat scroll #ffffff;\n}\n.responsive #top #wrap_all .flex_cell.av-37xvzx-6abd1ac5d81c5300eddb28e1287707e5{\npadding:80px 80px 80px 80px !important;\n}\n<\/style>\n<div class='flex_cell av-37xvzx-6abd1ac5d81c5300eddb28e1287707e5 av-gridrow-cell av_one_fifth no_margin  avia-builder-el-7  el_after_av_cell_two_fifth  el_before_av_cell_two_fifth ' ><div class='flex_cell_inner'><\/div><\/div>\n<style type=\"text\/css\" data-created_by=\"avia_inline_auto\" id=\"style-css-av-351ved-7c39daf92902f72d2e4bbe347f8639ba\">\n.flex_cell.av-351ved-7c39daf92902f72d2e4bbe347f8639ba{\nvertical-align:middle;\nheight:320px;\nmin-height:320px;\nbackground-color:#d9b3e6;\n}\n.responsive #top #wrap_all .flex_cell.av-351ved-7c39daf92902f72d2e4bbe347f8639ba{\npadding:30px 30px 30px 30px !important;\n}\n<\/style>\n<div class='flex_cell av-351ved-7c39daf92902f72d2e4bbe347f8639ba av-gridrow-cell av_two_fifth no_margin  avia-builder-el-8  el_after_av_cell_one_fifth  avia-builder-el-last ' ><div class='flex_cell_inner'><p>\n<style type=\"text\/css\" data-created_by=\"avia_inline_auto\" id=\"style-css-av-al5f1-8b84d148ff48c7891c4fbdb75e31cd3b\">\n#top .av-special-heading.av-al5f1-8b84d148ff48c7891c4fbdb75e31cd3b{\npadding-bottom:25px;\ncolor:#ffffff;\nfont-size:34px;\n}\nbody .av-special-heading.av-al5f1-8b84d148ff48c7891c4fbdb75e31cd3b .av-special-heading-tag .heading-char{\nfont-size:25px;\n}\n#top #wrap_all .av-special-heading.av-al5f1-8b84d148ff48c7891c4fbdb75e31cd3b .av-special-heading-tag{\nfont-size:34px;\n}\n.av-special-heading.av-al5f1-8b84d148ff48c7891c4fbdb75e31cd3b .special-heading-inner-border{\nborder-color:#ffffff;\n}\n.av-special-heading.av-al5f1-8b84d148ff48c7891c4fbdb75e31cd3b .av-subheading{\nfont-size:15px;\n}\n\n@media only screen and (min-width: 480px) and (max-width: 767px){ \n#top #wrap_all .av-special-heading.av-al5f1-8b84d148ff48c7891c4fbdb75e31cd3b .av-special-heading-tag{\nfont-size:0.8em;\n}\n}\n\n@media only screen and (max-width: 479px){ \n#top #wrap_all .av-special-heading.av-al5f1-8b84d148ff48c7891c4fbdb75e31cd3b .av-special-heading-tag{\nfont-size:0.8em;\n}\n}\n<\/style>\n<div  class='av-special-heading av-al5f1-8b84d148ff48c7891c4fbdb75e31cd3b av-special-heading-h3 custom-color-heading blockquote modern-quote modern-centered  avia-builder-el-9  el_before_av_textblock  avia-builder-el-first  av-inherit-size'><div class='av_custom_color av-subheading av-subheading_above'><p>On Top<\/p>\n<\/div><h3 class='av-special-heading-tag'  itemprop=\"headline\"  >Behandlungspflege<\/h3><div class=\"special-heading-border\"><div class=\"special-heading-inner-border\"><\/div><\/div><\/div><br \/>\n\n<style type=\"text\/css\" data-created_by=\"avia_inline_auto\" id=\"style-css-av-2sudn1-5513fcf95e09f823f8a63e3200d8a159\">\n#top .av_textblock_section.av-2sudn1-5513fcf95e09f823f8a63e3200d8a159 .avia_textblock{\ncolor:#ffffff;\n}\n<\/style>\n<section  class='av_textblock_section av-2sudn1-5513fcf95e09f823f8a63e3200d8a159'  itemscope=\"itemscope\" itemtype=\"https:\/\/schema.org\/CreativeWork\" ><div class='avia_textblock av_inherit_color'  itemprop=\"text\" ><p style=\"text-align: center;\">Medizinische Zusatzleistungen falls die Basis nicht ausreicht.<\/p>\n<\/div><\/section><br \/>\n\n<style type=\"text\/css\" data-created_by=\"avia_inline_auto\" id=\"style-css-av-2l8gj1-0aeb0e09bc9ed5ccd29d3974f0a9c301\">\n.av_font_icon.av-2l8gj1-0aeb0e09bc9ed5ccd29d3974f0a9c301{\ncolor:#ffffff;\nborder-color:#ffffff;\n}\n.av_font_icon.av-2l8gj1-0aeb0e09bc9ed5ccd29d3974f0a9c301 .av-icon-char{\nfont-size:60px;\nline-height:60px;\n}\n<\/style>\n<span  class='av_font_icon av-2l8gj1-0aeb0e09bc9ed5ccd29d3974f0a9c301 avia_animate_when_visible av-icon-style- avia-icon-pos-center avia-icon-animate'><span class='av-icon-char' aria-hidden='true' data-av_icon='' data-av_iconfont='medical' ><\/span><\/span><br \/>\n<div  class='avia-button-wrap av-8rvvp-520a182d5041528ed895473b1ac1bba2-wrap avia-button-center  avia-builder-el-12  el_after_av_font_icon  avia-builder-el-last '><a href='https:\/\/rundumpflegemitherz.de\/index.php\/leistungen\/behandlungspflege\/'  class='avia-button av-8rvvp-520a182d5041528ed895473b1ac1bba2 avia-icon_select-no avia-size-medium avia-position-center avia-color-light'  ><span class='avia_iconbox_title' >Lesen Sie mehr<\/span><\/a><\/div><\/p>\n<\/div><\/div>\n<\/div>\n<div id='av_section_2'  class='avia-section av-28p07p-8c8ec923a26dfaea9631c5e831d94e78 main_color avia-section-large avia-no-border-styling  avia-builder-el-13  el_after_av_layout_row  el_before_av_section  avia-bg-style-scroll container_wrap sidebar_right'  ><div class='container av-section-cont-open' ><div class='template-page content  av-content-small alpha units'><div class='post-entry post-entry-type-page post-entry-957'><div class='entry-content-wrapper clearfix'>\n<section  class='av_textblock_section av-24bbil-2c96ce23bb1d180214164db59ff5b257'  itemscope=\"itemscope\" itemtype=\"https:\/\/schema.org\/CreativeWork\" ><div class='avia_textblock'  itemprop=\"text\" ><h1>Unsere Leistungen<\/h1>\n<p>Wir haben es uns zur Aufgabe gemacht, pflegebed\u00fcrftigen Menschen vor Ort zu helfen.<\/p>\n<p>Zu den typischen Leistungen eines Pflegedienstes geh\u00f6ren die <a href=\"https:\/\/ambulantepflegespeitel.de\/index.php\/grundpflege\/\">Grundpflege<\/a>, die <a href=\"https:\/\/ambulantepflegespeitel.de\/index.php\/behandlungspflege\/\">Behandlungspflege<\/a> und die hauswirtschaftliche Pflege. Die Behandlungspflege wird \u00fcber die Krankenkasse abgerechnet, eine \u00e4rztliche Verordnung ist notwendig.<\/p>\n<p>Neben der ambulanten Pflege \u00fcbernehmen wir in unserer <a href=\"https:\/\/ambulantepflegespeitel.de\/index.php\/tagespflege\/\">Tagespflege<\/a> die wichtige Aufgabe, Pflegebed\u00fcrftige sicher durch den Alltag zu begleiten, ihnen die notwendige Pflege zu gew\u00e4hrleisten, die sie im Alltag brauchen und ihnen eine Tagesstruktur anzubieten.<\/p>\n<h3 style=\"font-weight: 400;\">Unser t\u00e4gliches Handeln in der Tagespflege basiert auf folgenden <strong>Grunds\u00e4tzen<\/strong>.<\/h3>\n<ul style=\"font-weight: 400;\">\n<li>Aktivit\u00e4t und Lebensfreude in der Gemeinschaft f\u00fcr ein selbstbestimmtes Altern<\/li>\n<li>Soziale Gerechtigkeit und ein sinnerf\u00fclltes Dasein in der Gemeinschaft<\/li>\n<li>Individuelle Selbstentfaltung und Gemeinschaftssinn<\/li>\n<li>Wertsch\u00e4tzende und einf\u00fchlsame Haltung den G\u00e4sten gegen\u00fcber<\/li>\n<li>Schaffung einer vertrauensvollen Atmosph\u00e4re<\/li>\n<\/ul>\n<\/div><\/section>\n<div  class='hr av-1v8ztx-ac98903986754f6a56a4e650e901d041 hr-default  avia-builder-el-15  el_after_av_textblock  el_before_av_textblock '><span class='hr-inner '><span class=\"hr-inner-style\"><\/span><\/span><\/div>\n<section  class='av_textblock_section av-1pskud-ad85b6dd51b722173dce5b3d15fe31ed'  itemscope=\"itemscope\" itemtype=\"https:\/\/schema.org\/CreativeWork\" ><div class='avia_textblock'  itemprop=\"text\" ><h1>Unser Leitbild<\/h1>\n<p style=\"font-weight: 400;\">Das Pflegeleitbild des Unternehmens\u00a0<strong>Rundumpflege mit Herz GmbH<\/strong>\u00a0stellt f\u00fcr alle Mitarbeiter und die Gesch\u00e4ftsleitung eine verbindliche Orientierung dar.<br \/>\n<strong>\u00a0<\/strong><\/p>\n<p style=\"font-weight: 400;\"><strong>Das Ziel<br \/>\n<\/strong>Unser Ziel ist die Erhaltung und F\u00f6rderung der Gesundheit und Autonomie unserer Kunden. Sie in ihrem individuellen Menschsein anzunehmen und zu respektieren ist uns ein besonderes Anliegen.<\/p>\n<p style=\"font-weight: 400;\"><strong>Der Mensch<br \/>\n<\/strong>Jeder Mensch wird von uns grunds\u00e4tzlich als Einheit aus K\u00f6rper, Geist und Seele und als selbstst\u00e4ndig und verantwortlich f\u00fcr sein Handeln gesehen. Unser Umgang ist von gegenseitiger Achtung der gewordenen Pers\u00f6nlichkeit mit deren eigenen Lebensgeschichte, F\u00e4higkeiten und Gewohnheiten und Toleranz gepr\u00e4gt. Wir begegnen den W\u00fcnschen, Bed\u00fcrfnissen und Werten jedes Einzelnen mit W\u00fcrde und Respekt, dies gilt auch f\u00fcr ein menschenw\u00fcrdiges Sterben.<\/p>\n<p style=\"font-weight: 400;\"><strong>Die Mitarbeiter<br \/>\n<\/strong>Wir f\u00f6rdern und fordern, selbstst\u00e4ndig handelnde und denkende Mitarbeiter und unterst\u00fctzen sie hierbei mit organisatorischen und ideellen Ma\u00dfnahmen. Durch Mitverantwortung und Eigenverantwortlichkeit bei der t\u00e4glichen Arbeit entsteht Vertrauen und gegenseitige Wertsch\u00e4tzung. Es ist unseren motivierten Mitarbeitern eine Herzensangelegenheit die bestm\u00f6gliche Betreuung unserer Kunden zu gew\u00e4hrleisten.<\/p>\n<p style=\"font-weight: 400;\"><strong>Die Pflege<br \/>\n<\/strong>Unsere Pflege ist die ganzheitliche, individuelle und fachkundige Dienstleistung f\u00fcr unsere Kunden nach den aktuellen pflegewissenschaftlichen Erkenntnissen. Sie basiert auf dem Pflegemodell nach Monika Krohwinkel und setzt den Pflegeprozess systematisch um. Wir gehen offen auf Kunden aus anderen Kulturkreisen zu und versuchen, gemeinsam die Pflege nach den individuellen Bed\u00fcrfnissen auszurichten.<\/p>\n<p style=\"font-weight: 400;\">Durch kooperative Zusammenarbeit mit allen an der Versorgung beteiligten Personen und Institutionen schaffen wir optimale Pflegebedingungen, um eine bestm\u00f6gliche Versorgung zu gew\u00e4hrleisten. Wir erm\u00f6glichen durch unsere weiteren Dienste eine Rundumpflege f\u00fcr unsere Kunden.<\/p>\n<p style=\"font-weight: 400;\"><strong>Die Gesellschaft<br \/>\n<\/strong>Pflege ist an die gesellschaftlichen und \u00f6konomischen Entwicklungen im Gesundheitswesen gebunden und wir sind gezwungen, unsere Arbeit an die wirtschaftlichen Gegebenheiten anzupassen. Wir sehen unsere Aufgabe auch darin die Interessen unserer Kunden vor dem Gesetzgeber zu vertreten. Bei unzureichender Finanzierung der Pflege unterst\u00fctzen wir den Kunden bei der Suche nach individuellen L\u00f6sungen.<\/p>\n<p style=\"font-weight: 400;\">Des Weiteren sehen wir es als unsere Aufgabe, im Hinblick auf die demografische Entwicklung und den Fachkr\u00e4ftemangel bei Pflegekr\u00e4ften durch ein gutes Team optimale Rahmenbedingungen zu schaffen und Menschen f\u00fcr die Aufgaben zu begeistern.<\/p>\n<p style=\"font-weight: 400;\"><strong>Die Qualit\u00e4t<br \/>\n<\/strong>Wir legen gro\u00dfen Wert auf die Qualit\u00e4t unserer Arbeit. An der Umsetzung unseres Qualit\u00e4tsmanagementsystems sind kontinuierlich alle Mitarbeiter beteiligt. Wir befinden uns in einem Prozess der st\u00e4ndigen Verbesserung zum Wohle unserer Kunden und beteiligen diese durch Befragungen aktiv daran.<\/p>\n<p style=\"font-weight: 400;\">Im Hinblick auf die Erreichung unserer Ziele und der praktischen Umsetzung unterliegt unser Pflegeleitbild einer regelm\u00e4\u00dfigen \u00dcberpr\u00fcfung und Weiterentwicklung.<\/p>\n<\/div><\/section>\n\n<\/div><\/div><\/div><!-- close content main div --><\/div><\/div><div id='av_section_3'  class='avia-section av-aew3x-f1617207606bee8d1c505284c3e57268 main_color avia-section-large avia-no-border-styling  avia-builder-el-17  el_after_av_section  avia-builder-el-last  avia-bg-style-scroll container_wrap sidebar_right'  ><div class='container av-section-cont-open' ><div class='template-page content  av-content-small alpha units'><div class='post-entry post-entry-type-page post-entry-957'><div class='entry-content-wrapper clearfix'><\/div><\/div><\/div><!-- close content main div --><\/div><\/div><div id='after_section_3'  class='main_color av_default_container_wrap container_wrap sidebar_right'  ><div class='container av-section-cont-open' ><div class='template-page content  av-content-small alpha units'><div class='post-entry post-entry-type-page post-entry-957'><div class='entry-content-wrapper clearfix'>\n","protected":false},"excerpt":{"rendered":"","protected":false},"author":1,"featured_media":0,"parent":0,"menu_order":0,"comment_status":"closed","ping_status":"closed","template":"","meta":{"footnotes":""},"class_list":["post-957","page","type-page","status-publish","hentry"],"yoast_head":"<!-- This site is optimized with the Yoast SEO plugin v27.1.1 - https:\/\/yoast.com\/product\/yoast-seo-wordpress\/ -->\n<title>Leistungen - Helfen mit Herz und Verstand in W\u00fcrzburg<\/title>\n<meta name=\"description\" content=\"Wir bieten Grundpflege f\u00fcr das Wohlergehen im Alter und Behandlungspflege als medizinische Zusatzleistung. Erfahren Sie mehr zur Tagespflege.\" \/>\n<meta name=\"robots\" content=\"index, follow, max-snippet:-1, max-image-preview:large, max-video-preview:-1\" \/>\n<link rel=\"canonical\" href=\"https:\/\/rundumpflegemitherz.de\/index.php\/leistungen\/\" \/>\n<meta property=\"og:locale\" content=\"de_DE\" \/>\n<meta property=\"og:type\" content=\"article\" \/>\n<meta property=\"og:title\" content=\"Leistungen - Helfen mit Herz und Verstand in W\u00fcrzburg\" \/>\n<meta property=\"og:description\" content=\"Wir bieten Grundpflege f\u00fcr das Wohlergehen im Alter und Behandlungspflege als medizinische Zusatzleistung. Erfahren Sie mehr zur Tagespflege.\" \/>\n<meta property=\"og:url\" content=\"https:\/\/rundumpflegemitherz.de\/index.php\/leistungen\/\" \/>\n<meta property=\"og:site_name\" content=\"Rundumpflege mit Herz\" \/>\n<meta property=\"article:modified_time\" content=\"2025-11-14T07:31:37+00:00\" \/>\n<meta name=\"twitter:card\" content=\"summary_large_image\" \/>\n<meta name=\"twitter:label1\" content=\"Gesch\u00e4tzte Lesezeit\" \/>\n\t<meta name=\"twitter:data1\" content=\"4\u00a0Minuten\" \/>\n<script type=\"application\/ld+json\" class=\"yoast-schema-graph\">{\"@context\":\"https:\/\/schema.org\",\"@graph\":[{\"@type\":\"WebPage\",\"@id\":\"https:\/\/rundumpflegemitherz.de\/index.php\/leistungen\/\",\"url\":\"https:\/\/rundumpflegemitherz.de\/index.php\/leistungen\/\",\"name\":\"Leistungen - Helfen mit Herz und Verstand in W\u00fcrzburg\",\"isPartOf\":{\"@id\":\"https:\/\/rundumpflegemitherz.de\/#website\"},\"datePublished\":\"2016-07-15T14:20:10+00:00\",\"dateModified\":\"2025-11-14T07:31:37+00:00\",\"description\":\"Wir bieten Grundpflege f\u00fcr das Wohlergehen im Alter und Behandlungspflege als medizinische Zusatzleistung. Erfahren Sie mehr zur Tagespflege.\",\"breadcrumb\":{\"@id\":\"https:\/\/rundumpflegemitherz.de\/index.php\/leistungen\/#breadcrumb\"},\"inLanguage\":\"de\",\"potentialAction\":[{\"@type\":\"ReadAction\",\"target\":[\"https:\/\/rundumpflegemitherz.de\/index.php\/leistungen\/\"]}]},{\"@type\":\"BreadcrumbList\",\"@id\":\"https:\/\/rundumpflegemitherz.de\/index.php\/leistungen\/#breadcrumb\",\"itemListElement\":[{\"@type\":\"ListItem\",\"position\":1,\"name\":\"Startseite\",\"item\":\"https:\/\/rundumpflegemitherz.de\/index.php\/welcome\/\"},{\"@type\":\"ListItem\",\"position\":2,\"name\":\"Leistungen\"}]},{\"@type\":\"WebSite\",\"@id\":\"https:\/\/rundumpflegemitherz.de\/#website\",\"url\":\"https:\/\/rundumpflegemitherz.de\/\",\"name\":\"Rundumpflege mit Herz\",\"description\":\"Ihr kompetenter Partner f\u00fcr ambulante Pflege im Raum W\u00fcrzburg\",\"potentialAction\":[{\"@type\":\"SearchAction\",\"target\":{\"@type\":\"EntryPoint\",\"urlTemplate\":\"https:\/\/rundumpflegemitherz.de\/?s={search_term_string}\"},\"query-input\":{\"@type\":\"PropertyValueSpecification\",\"valueRequired\":true,\"valueName\":\"search_term_string\"}}],\"inLanguage\":\"de\"}]}<\/script>\n<!-- \/ Yoast SEO plugin. -->","yoast_head_json":{"title":"Leistungen - Helfen mit Herz und Verstand in W\u00fcrzburg","description":"Wir bieten Grundpflege f\u00fcr das Wohlergehen im Alter und Behandlungspflege als medizinische Zusatzleistung. Erfahren Sie mehr zur Tagespflege.","robots":{"index":"index","follow":"follow","max-snippet":"max-snippet:-1","max-image-preview":"max-image-preview:large","max-video-preview":"max-video-preview:-1"},"canonical":"https:\/\/rundumpflegemitherz.de\/index.php\/leistungen\/","og_locale":"de_DE","og_type":"article","og_title":"Leistungen - Helfen mit Herz und Verstand in W\u00fcrzburg","og_description":"Wir bieten Grundpflege f\u00fcr das Wohlergehen im Alter und Behandlungspflege als medizinische Zusatzleistung. Erfahren Sie mehr zur Tagespflege.","og_url":"https:\/\/rundumpflegemitherz.de\/index.php\/leistungen\/","og_site_name":"Rundumpflege mit Herz","article_modified_time":"2025-11-14T07:31:37+00:00","twitter_card":"summary_large_image","twitter_misc":{"Gesch\u00e4tzte Lesezeit":"4\u00a0Minuten"},"schema":{"@context":"https:\/\/schema.org","@graph":[{"@type":"WebPage","@id":"https:\/\/rundumpflegemitherz.de\/index.php\/leistungen\/","url":"https:\/\/rundumpflegemitherz.de\/index.php\/leistungen\/","name":"Leistungen - Helfen mit Herz und Verstand in W\u00fcrzburg","isPartOf":{"@id":"https:\/\/rundumpflegemitherz.de\/#website"},"datePublished":"2016-07-15T14:20:10+00:00","dateModified":"2025-11-14T07:31:37+00:00","description":"Wir bieten Grundpflege f\u00fcr das Wohlergehen im Alter und Behandlungspflege als medizinische Zusatzleistung. Erfahren Sie mehr zur Tagespflege.","breadcrumb":{"@id":"https:\/\/rundumpflegemitherz.de\/index.php\/leistungen\/#breadcrumb"},"inLanguage":"de","potentialAction":[{"@type":"ReadAction","target":["https:\/\/rundumpflegemitherz.de\/index.php\/leistungen\/"]}]},{"@type":"BreadcrumbList","@id":"https:\/\/rundumpflegemitherz.de\/index.php\/leistungen\/#breadcrumb","itemListElement":[{"@type":"ListItem","position":1,"name":"Startseite","item":"https:\/\/rundumpflegemitherz.de\/index.php\/welcome\/"},{"@type":"ListItem","position":2,"name":"Leistungen"}]},{"@type":"WebSite","@id":"https:\/\/rundumpflegemitherz.de\/#website","url":"https:\/\/rundumpflegemitherz.de\/","name":"Rundumpflege mit Herz","description":"Ihr kompetenter Partner f\u00fcr ambulante Pflege im Raum W\u00fcrzburg","potentialAction":[{"@type":"SearchAction","target":{"@type":"EntryPoint","urlTemplate":"https:\/\/rundumpflegemitherz.de\/?s={search_term_string}"},"query-input":{"@type":"PropertyValueSpecification","valueRequired":true,"valueName":"search_term_string"}}],"inLanguage":"de"}]}},"_links":{"self":[{"href":"https:\/\/rundumpflegemitherz.de\/index.php\/wp-json\/wp\/v2\/pages\/957","targetHints":{"allow":["GET"]}}],"collection":[{"href":"https:\/\/rundumpflegemitherz.de\/index.php\/wp-json\/wp\/v2\/pages"}],"about":[{"href":"https:\/\/rundumpflegemitherz.de\/index.php\/wp-json\/wp\/v2\/types\/page"}],"author":[{"embeddable":true,"href":"https:\/\/rundumpflegemitherz.de\/index.php\/wp-json\/wp\/v2\/users\/1"}],"replies":[{"embeddable":true,"href":"https:\/\/rundumpflegemitherz.de\/index.php\/wp-json\/wp\/v2\/comments?post=957"}],"version-history":[{"count":82,"href":"https:\/\/rundumpflegemitherz.de\/index.php\/wp-json\/wp\/v2\/pages\/957\/revisions"}],"predecessor-version":[{"id":2472,"href":"https:\/\/rundumpflegemitherz.de\/index.php\/wp-json\/wp\/v2\/pages\/957\/revisions\/2472"}],"wp:attachment":[{"href":"https:\/\/rundumpflegemitherz.de\/index.php\/wp-json\/wp\/v2\/media?parent=957"}],"curies":[{"name":"wp","href":"https:\/\/api.w.org\/{rel}","templated":true}]}}